a + -39. Calculate the remainder when 38 is divided by c.
17
Let v(q) = 50*q**2 + 76*q + 17. What is the remainder when v(-4) is divided by 176?
161
Suppose s - 2 = -5*t, -s + 5*t + 34 = s. Suppose 12*k - 424 = -448. Calculate the remainder when 142 is divided by (k/14 + 165/77)*s.
22
Suppose -250*y + 83*y - 73*y + 792960 = 0. Calculate the remainder when y is divided by 174.
172
Let a(u) = -4*u**2 + 3*u + 53. Calculate the remainder when a(0) is divided by (-288)/8*(-1)/2.
17
Let f(a) = 10*a + 2172. Calculate the remainder when f(50) is divided by 2672.
0
Let d(l) = 42*l + 48. Let z be d(4). Let i = 269 - z. Calculate the remainder when i is divided by (-1)/3*-1*93.
22
Suppose h - 4*x = 7, -2*h = 7*x - 3*x - 74. Let v be 99/(-15) + 6 + (-1446)/(-10). Let q = -133 + v. Calculate the remainder when h is divided by q.
5
Let w = 17 - 5. Suppose 0 = -w*f + 2425 - 925. Calculate the remainder when f is divided by 8.
5
Suppose 5*m - 9*m = -4. Calculate the remainder when 66 is divided by 72/3 + 0/(m + -2).
18
Calculate the remainder when 13668 + 0 + (-328)/(-123)*36/(-16) is divided by 15.
12
Suppose 188 = 4*f + 8*u - 4*u, 4*f = 2*u + 158. Suppose -f = -12*q + 198. What is the remainder when q is divided by 7?
6
Let g(a) = a**3 - 6*a**2 - 5*a - 16. Suppose 5*w + 53 = -17. Let q be (-29)/(-203) - 110/w. What is the remainder when g(q) is divided by 15?
12
Suppose 4*i - o = 150, 0 = -2*o - 55 + 59. What is the remainder when i is divided by 6?
2
Let x = 5113 + -4775. What is the remainder when x is divided by 116?
106
Suppose -25 = -4*d - 16*s + 15*s, -4*s + 23 = 5*d. Calculate the remainder when 354 is divided by d.
4
Let h(i) = -80*i + 2322. Calculate the remainder when h(12) is divided by 451.
9
Let z = 18 + -2. Let m be 3*5*(-3)/(-9). Suppose 3*b + k + 0*k = 375, -5*b + 625 = m*k. What is the remainder when b is divided by z?
13
Suppose -3*q + b + 17 + 36 = 0, -5 = -5*b. Suppose -q + 106 = 2*z. Let y(s) = -s**3 + 7*s**2 - 786*s + 6367. What is the remainder when z is divided by y(8)?
14
Let u(h) = h**3 - 3*h**2 - 2*h + 1. Let o = -10 - -13. Let p be u(o). Let t(l) = -l**2 - 4*l + 26. What is the remainder when 35 is divided by t(p)?
14
Let v be ((-24)/(-15))/(1 + (-65)/75). What is the remainder when (14/(-42))/((-2)/v)*67 is divided by 69?
65
Let p be (19872/(-483))/(((-4)/(-2))/(-14)). Suppose -2*x = 10*x - p. Calculate the remainder when 59 is divided by x.
11
Let y be (1 + (3 - 3))/1 - 1. Suppose y = -20*g + 16*g + 52. Suppose -10*o - 336 = -g*o. Calculate the remainder when o is divided by 23.
20
Let i(o) = -o**3 + 40*o**2 + 51*o - 3374. What is the remainder when 2712 is divided by i(39)?
128
Suppose 122*i + 13939 = 65545. Calculate the remainder when i is divided by 3.
0
Let c = -3020 + 3035. Suppose d = v + 2, -9 + 3 = 3*v. Suppose d = -h + 52 + 51. Calculate the remainder when h is divided by c.
13
Let d be (-1)/((60/18)/10). What is the remainder when (-2)/d + 4891/201 is divided by 13?
12
Let x(h) = 2*h**3 + 71*h**2 + 42*h + 37. What is the remainder when x(-34) is divided by 10?
7
Let k be (-574)/246*(-1 - -529). What is the remainder when 1/(k/(-245) - 5) is divided by 7?
0
Calculate the remainder when 5449 is divided by (-6)/28 - (-11327)/658.
9
Suppose 2*h = 5*f + 345, -99*f = -3*h - 94*f + 515. What is the remainder when h is divided by ((-15)/(-6))/(2/20)?
20
Suppose -4*o - 158 + 506 = -4*x, -2*o + 5*x + 177 = 0. Let c = 74 - 43. Calculate the remainder when o is divided by c.
24
Let g(x) = -2*x**3 + 29*x**2 - 30*x + 9. Calculate the remainder when g(12) is divided by 114.
27
Let b = 329 + -318. Suppose 126*j + b = 127*j. What is the remainder when 49 is divided by j?
5
Let o be (342/30 - -9)/(4/10). Suppose -50*p - o = -51*p. What is the remainder when p is divided by 11?
7
Let t = -33918 + 34492. What is the remainder when t is divided by 32?
30
Let p(i) = -3*i + 9. Calculate the remainder when ((-1111)/(-22) + 4)*(1 - (-3 - -2)) is divided by p(-4).
4
Let o = 268 + -256. What is the remainder when ((-54)/3)/((-3)/o) is divided by 45?
27
Let z = -58 - 155. Let j = -196 - z. Calculate the remainder when 67 is divided by j.
16
Let r(n) = -n**3 + 8*n**2 + 10*n - 36. Suppose -136 = -26*c + 9*c. Calculate the remainder when 127 is divided by r(c).
39
Let b = -334 + 476. Calculate the remainder when b is divided by 43.
13
Suppose 5*b - 2*p = 225, 4*b - 9*p - 168 = -5*p. Suppose -23 - b = -t. Calculate the remainder when t is divided by 24.
22
Calculate the remainder when (-24 + (-120)/(-10))*(5 + 115/(-10)) is divided by (-58)/4*(-4)/2.
20
Suppose 5*x = -3*a + 26, -4*a + 262*x = 261*x - 50. Calculate the remainder when 647 is divided by a.
11
Let z be 8/10 + 7/35 + 72. Let y = z - -33. Let b = 47 - 20. What is the remainder when y is divided by b?
25
Let q be (6/2 + 15/(-9))*3. Suppose q*c + 0*c - 13 = -5*y, 20 = 4*y. Calculate the remainder when (-275)/(-33) + (-1)/c*2 is divided by 4.
1
Suppose 5*u - 343 = -4*c, -5*c + 440*u - 437*u = -401. Calculate the remainder when 393 is divided by c.
65
Let b = -5693 - -5712. What is the remainder when 60 is divided by b?
3
Suppose 14*q - 28 = 7*q. Suppose -3*j - q*j = -168. What is the remainder when j is divided by 5?
4
Let a(u) = 4*u - 4. Suppose -5*p - 55 + 25 = 0. Let r be a(p). Let f = 53 + r. What is the remainder when f is divided by 7?
4
Suppose 7 = h + q, -4*h - 2*q = q - 26. Suppose h*m - 499 = -144. Let r = m - 29. Calculate the remainder when 82 is divided by r.
40
What is the remainder when 448 is divided by ((-118)/(-590))/(772/770 - 1)?
63
Let s be (-2)/5 + (-244)/(-10). Suppose t = -t + s. Calculate the remainder when t is divided by (-6 + (6 - (-5)/10))/(1/6).
0
Let z(t) = -2*t + 52. Suppose 5*y = -4*q + 78, 4*y = 6*y + 4. Calculate the remainder when 30 is divided by z(q).
6
Let y be ((-56)/(-12) - 4)/((-1)/(-57)). Suppose 5*w - 59 = c, -2*w - c + y = -5*c. Let b = 14 - w. What is the remainder when 5 is divided by b?
2
Suppose 0 = c + 5*w - 2, -c + 0*w + w = -8. Suppose 4*f = c + 133. Let v = f + -22. Calculate the remainder when v is divided by 5.
3
Let y(d) = 34*d**2 + 3*d. Let b be 15/(-10)*-2 - -88. Suppose b*v - 5 = 86*v. What is the remainder when y(v) is divided by 10?
7
Suppose -4*q - 2627 = -3*s + 3328, 0 = 5*s - 4*q - 9917. Suppose 0*c = -7*c + s. What is the remainder when c is divided by 26?
23
Suppose -206 - 248 + 116 = -b. Calculate the remainder when b is divided by 328.
10
Suppose 161 = 5*o + 146. Suppose 63 = z - o*f, -4*z + 2*f = -3*z - 62. Calculate the remainder when 118 is divided by z.
58
Let g(z) = 78*z - 818. Let q(w) = -25*w + 273. Let v(b) = -4*g(b) - 11*q(b). What is the remainder when 37 is divided by v(7)?
7
Let i(t) = -t**3 + 9*t**2 + 13*t - 28. Let x be i(10). Let v(j) = 150*j - 7. Calculate the remainder when v(x) is divided by 42.
41
Let b(j) = -4*j + 1685. Calculate the remainder when b(32) is divided by 120.
117
Let s = -10742 + 17908. Calculate the remainder when s is divided by 10.
6
Suppose 0 = 4*y - 4*x - 416, 36*x = 2*y + 39*x - 198. What is the remainder when y is divided by 77?
25
Let b(p) = -13*p**2 - 5 + 6*p**2 + 6*p**2 + 4 - 11*p. Let r be b(-6). Let t = -19 + r. What is the remainder when 17 is divided by t?
7
Calculate the remainder when -17 + 27 + (3799 - (-3 + -2)) is divided by 18.
16
Let i(s) = -s**3 + 5*s**2 + 6*s + 7. Let b be i(5). Suppose -2 = -33*v + 922. Suppose -5*w = -v - b. What is the remainder when 25 is divided by w?
12
Let b = 29451 + -29305. What is the remainder when b is divided by 118?
28
Let p(n) = 3*n**2 + 4*n - 4. Let r(z) = -z + 6. Let l be r(6). Suppose l = -14*x + 9*x - 25. Calculate the remainder when p(x) is divided by 18.
15
Suppose 0 = -9*t + 2*t + 14. Suppose -3*s + 3*d = 261, 3*s + 2*d = t*s - 93. Let f = 115 + s. Calculate the remainder when 51 is divided by f.
25
Let y(b) = b**2 + 13*b - 113. Let q be y(6). Suppose q = w - 63. Calculate the remainder when w is divided by 11.
9
Suppose 2*d + 265 = -5*k, -183 = 4*d + 2*k + 307. Let u be ((-12)/8)/(2/d). Let b = -63 + u. Calculate the remainder when b is divided by 10.
7
Suppose -199*n + 8356 + 26205 + 4045 = 0. Calculate the remainder when n is divided by 59.
17
Suppose f + 81 = 4*q + 4*f, 130 = 5*q - 2*f. Suppose 4*a = t - 31, -5*t + a + 1